
-680480555
In base 4, what is 123210122 + -130?
123203332
In base 12, what is -84751748 + -1?
-84751749
In base 14, what is 1a + 3d769?
3d785
In base 16, what is -1c6822 - 4?
-1c6826
In base 8, what is -43061055 + 54?
-43061001
In base 6, what is 2451 + -400153?
-353302
In base 12, what is 5b3 - b7100?
-b6709
In base 12, what is 1720450 + -6?
1720446
In base 6, what is -20051003 + -534?
-20051541
In base 10, what is 368439 + -121?
368318
In base 4, what is 110 + 233020301?
233021011
In base 4, what is -22020 - 3302321?
-3331001
In base 5, what is 2041 + 1001120401?
1001122442
In base 10, what is 2055211 - 4?
2055207
In base 12, what is 1 - 51b137?
-51b136
In base 2, what is -1011010 + -10000100000111110?
-10000100010011000
In base 6, what is 12 + 13044500?
13044512
In base 14, what is 14d445d - 3?
14d445a
In base 8, what is -3760342 - -26?
-3760314
In base 8, what is 16277 + 710?
17207
In base 3, what is -22000022002 - -1201?
-22000020101
In base 8, what is -115 + -6015765?
-6016102
In base 15, what is -11 + 61827?
61816
In base 10, what is 192 + -43442?
-43250
In base 2, what is -10011110010001111101 + -1?
-10011110010001111110
In base 8, what is -214164 - 32?
-214216
In base 8, what is 2 - -61642667?
61642671
In base 2, what is 1 + -11000110100100100011111?
-11000110100100100011110
In base 16, what is -3 + 23647b7?
23647b4
In base 14, what is 3 - -1b84191?
1b84194
In base 10, what is 35 + 125924?
125959
In base 6, what is -210 + 1053354?
1053144
In base 2, what is 100 + 10000010000010110110000?
10000010000010110110100
In base 6, what is 120223320 + 15?
120223335
In base 11, what is -6 - -364142?
364137
In base 15, what is 5 - -19190610?
19190615
In base 7, what is -2032410 - 6?
-2032416
In base 14, what is 4ad + -1141d?
-10d50
In base 11, what is 796661 + 9?
79666a
In base 11, what is -16 - 18467988?
-184679a3
In base 5, what is 4 + 114441443411?
114441443420
In base 13, what is bc9 + 84924?
85820
In base 16, what is 17ce + 5b48?
7316
In base 14, what is 1aac9 + 5?
1aad0
In base 12, what is -122 - 5949a?
-59600
In base 12, what is -59241332 - -5?
-59241329
In base 13, what is -235 + -34?
-269
In base 16, what is -1c7add - b?
-1c7ae8
In base 5, what is -231114210 - 220?
-231114430
In base 9, what is -181571 + -2453?
-184134
In base 3, what is 11111021100221 - 21?
11111021100200
In base 10, what is -22 - 26854?
-26876
In base 2, what is 0 + -1000011001001011101010?
-1000011001001011101010
In base 11, what is 31aa43 + -169?
31a885
In base 5, what is -1414314301 - -22?
-1414314224
In base 9, what is -72475706 + -10?
-72475716
In base 9, what is 128 + 64536?
64665
In base 9, what is 1044 + -66345?
-65301
In base 10, what is -3348460 - 4?
-3348464
In base 8, what is -167 + 22341062?
22340673
In base 4, what is 220023102310003 - 1?
220023102310002
In base 10, what is -1126861 + -6?
-1126867
In base 9, what is 33388408 - -4?
33388413
In base 13, what is -72a + -2103b1?
-210b0b
In base 15, what is -597089 - -1a?
-59706e
In base 3, what is -1220212 - -10100122?
1102210
In base 16, what is -1cc + -abec8?
-ac094
In base 12, what is -22 - 35788?
-357aa
In base 9, what is -418234 + 4?
-418230
In base 12, what is 3aa53ab - 4?
3aa53a7
In base 15, what is -4c8 + 49aa8?
495d0
In base 10, what is 673530 + 15?
673545
In base 6, what is 111514001 - 13?
111513544
In base 13, what is -4 + -4311091?
-4311095
In base 2, what is -101 - 110000000110001111100?
-110000000110010000001
In base 10, what is 27764408 - 9?
27764399
In base 4, what is -1103101 + 133130?
-303311
In base 2, what is -10111010100 - -10011011010?
-11111010
In base 2, what is -1001101 - 1100101000101101001011?
-1100101000101110011000
In base 8, what is 132116 + -26?
132070
In base 9, what is -57317087 + 3?
-57317084
In base 4, what is -10123100311 - 2?
-10123100313
In base 10, what is 3 - -19225713?
19225716
In base 10, what is -247 - -309?
62
In base 15, what is -10714 + -1a?
-1072e
In base 3, what is -21020001210020 - -222?
-21020001202021
In base 12, what is -2a9 - -7b28?
783b
In base 3, what is -12001000001 + 12110?
-12000210121
In base 12, what is 0 + 12b54490?
12b54490
In base 7, what is 26403 - 250?
26123
In base 16, what is 6 + 1dc6ac2?
1dc6ac8
In base 15, what is 29662ba - -2?
29662bc
In base 15, what is 56 - -26a07a?
26a0d1
In base 2, what is -11 + -110001100100000110010?
-110001100100000110101
In base 13, what is 5 + -24578b9?
-24578b4
In base 3, what is 1101200101 - 201100?
1100222001
In base 12, what is -13081652a - -2?
-130816528
In base 16, what is 0 - -33ec0f?
33ec0f
In base 14, what is 7ab7 + -288?
782d
In base 8, what is 5331145 - 15?
5331130
In base 9, what is -241 + 5518?
5267
In base 14, what is 4d864b - -c2?
4d872d
In base 12, what is -6 - -1879369b?
18793695
In base 15, what is -8 + 7e4db?
7e4d3
In base 8, what is 53 - -6154250?
6154323
In base 11, what is 616 - 8923?
-8308
In base 5, what is 1 - -312232232101?
312232232102
In base 15, what is 5322339 - -4?
532233d
In base 12, what is -344a + 22b?
-321b
In base 11, what is -1092 - 7aa19?
-81000
In base 5, what is -40421 + 113210?
22234
In base 5, what is 1222412 - -1411?
1224323
In base 2, what is -101010101 - -1101100110101?
1100111100000
In base 12, what is -63b700 + -2?
-63b702
In base 4, what is 102 - 10031002120?
-10031002012
In base 6, what is -5 - -11414325540?
11414325531
In base 13, what is 91 + -34556?
-34495
In base 7, what is -10635 + -203?
-11141
In base 16, what is 54939c - -4?
5493a0
In base 10, what is 143 - -41877?
42020
In base 7, what is -5 - 35036306?
-35036314
In base 7, what is -2104521 - -152?
-2104336
In base 13, what is 911 - 71c?
1c2
In base 7, what is -360306312 + 2?
-360306310
In base 13, what is 1050402 + 2?
1050404
In base 12, what is -2b9368 - -8?
-2b9360
In base 16, what is -23a + 6125d?
61023
In base 7, what is 2 + 216415413?
216415415
In base 2, what is -1010110000111 - 100101100?
-1011010110011
In base 6, what is -1451421 + 20315?
-1431102
In base 13, what is 5 - -476b4c9?
476b501
In base 9, what is -304 + 13662?
13357
In base 5, what is 321210 + -244?
320411
In base 13, what is 6c12916 + 1?
6c12917
In base 3, what is 22020112211120201 - -21?
22020112211120222
In base 10, what is -6 - -35520925?
35520919
In base 14, what is -a4b49 + -13d?
-a4c88
In base 8, what is 10305664 - -43?
10305727
In base 15, what is 13508 + -476a?
dc8d
In base 3, what is -21010201 + -122222010?
-221002211
In base 16, what is -3835f3 - -f?
-3835e4
In base 4, what is 101 - 112?
-11
In base 10, what is -328458 - 468?
-328926
In base 4, what is 110320021001 - 2?
110320020333
In base 5, what is 0 - -13130234303?
13130234303
In base 5, what is -3211224 - 3320?
-3220044
In base 11, what is a6 + 7a0225?
7a0320
In base 16, what is -483d - -19bf?
-2e7e
In base 4, what is 202133 - -32101?
300300
In base 6, what is 31 - -143020412?
143020443
In base 3, what is -22101022102020 - -201?
-22101022101112
In base 14, what is -9 + 14c12?
14c07
In base 4, what is 10 - -33312320203?
33312320213
In base 16, what is 59972 - -98?
59a0a
In base 9, what is 481 - -1678121?
1678612
In base 16, what is 9500643 - -2?
9500645
In base 12, what is -2 + 1107a065?
1107a063
In base 11, what is -1865436 - 27?
-1865462
In base 14, what is 46013d - -2?
460141
In base 10, what is -4 + -296959?
-296963
In base 3, what is -21100010 - 1111001?
-22211011
In base 11, what is -1964352 - 15?
-1964367
In base 5, what is 4 - -113112034002?
113112034011
In base 9, what is 2022 - 8687?
-6665
In base 8, what is -26254705 - -3?
-26254702
In base 12, what is 175 + -118a868?
-118a6b3
In base 11, what is 395817 + -22?
3957a5
In base 2, what is -100100111010110100100 + -10000?
-100100111010110110100
In base 5, what is -4201042211 + 3?
-4201042203
In base 4, what is -2020131 - 20231?
-2101022
In base 7, what is -5306324 + -1216?
-5310543
In base 12, what is -201a27 + 7?
-201a20
In base 16, what is -296 - a69?
-cff
In base 11, what is 7a6 + -66853?
-66058
In base 5, what is 1000332431 + 3?
1000332434
In base 8, what is 5 - 116425056?
-116425051
In base 11, what is -1a48 - 387?
-2324
In base 3, what is -11 + -100220022022022?
-100220022022110
In base 5, what is -11014 - -12131?
1112
In base 10, what is 447811 - 177?
447634
In base 15, what is 4 + d1de6c?
d1de71
In base 